1
What is the highest common divisor of 82 and 1207942?
82
Calculate the greatest common factor of 96 and 139344.
48
What is the highest common divisor of 700 and 28420?
140
Calculate the greatest common factor of 47288 and 8464.
184
What is the greatest common divisor of 75 and 196050?
75
What is the greatest common factor of 740678 and 2587?
199
Calculate the highest common factor of 40076 and 22368.
932
What is the greatest common divisor of 30012 and 18?
6
What is the highest common divisor of 186 and 354237?
93
Calculate the greatest common divisor of 72 and 134856.
72
What is the greatest common factor of 5500 and 2970?
110
What is the greatest common factor of 179980 and 20?
20
Calculate the greatest common divisor of 13390 and 3296.
206
Calculate the highest common factor of 1464 and 246.
6
Calculate the highest common divisor of 896 and 4648.
56
What is the greatest common divisor of 1885632 and 184?
184
Calculate the greatest common factor of 19404 and 25676.
196
Calculate the greatest common divisor of 1368 and 21622.
38
Calculate the highest common divisor of 333 and 9144.
9
What is the greatest common divisor of 63 and 39291?
21
What is the greatest common factor of 768 and 166272?
384
What is the greatest common divisor of 51 and 52037?
17
Calculate the highest common divisor of 1728 and 1164.
12
Calculate the greatest common divisor of 12 and 220652.
4
What is the greatest common factor of 209280 and 2820?
60
What is the highest common factor of 6652875 and 1130?
565
Calculate the greatest common divisor of 293 and 1077361.
293
What is the highest common divisor of 900 and 72?
36
What is the greatest common factor of 40958 and 24?
2
What is the greatest common divisor of 86 and 530?
2
Calculate the greatest common factor of 853398 and 1134.
126
What is the greatest common divisor of 1498 and 438165?
749
What is the highest common divisor of 9369 and 405?
27
What is the greatest common divisor of 64840 and 200?
40
Calculate the highest common factor of 18 and 1105818.
6
What is the greatest common factor of 216 and 53856?
72
What is the greatest common factor of 40 and 74440?
40
What is the greatest common divisor of 81255 and 75?
15
Calculate the greatest common factor of 6860764 and 772.
772
What is the greatest common factor of 157383 and 64989?
783
Calculate the greatest common divisor of 28576 and 640.
32
What is the greatest common divisor of 100 and 680?
20
What is the highest common divisor of 218166 and 26?
26
What is the greatest common divisor of 597564 and 198?
198
Calculate the highest common factor of 21480228 and 1782.
1782
What is the highest common factor of 37935 and 1755?
135
Calculate the greatest common factor of 376 and 144008.
376
Calculate the greatest common factor of 112 and 2366.
14
Calculate the highest common factor of 184320 and 2160.
720
What is the highest common factor of 12463 and 2299?
121
What is the greatest common factor of 3907741 and 1172?
293
What is the highest common divisor of 9 and 293628?
3
What is the greatest common factor of 564 and 194862?
282
Calculate the greatest common divisor of 73230 and 390.
30
Calculate the highest common factor of 459298 and 5936.
742
What is the highest common factor of 1661331 and 21?
21
What is the greatest common divisor of 250 and 6165500?
250
What is the highest common divisor of 2402035 and 465?
155
Calculate the greatest common factor of 91156 and 156.
52
Calculate the highest common factor of 720 and 19280.
80
Calculate the greatest common divisor of 6120 and 2346.
102
What is the highest common factor of 152529 and 78?
39
What is the highest common divisor of 7830 and 2494?
58
What is the greatest common divisor of 4816 and 350?
14
Calculate the greatest common divisor of 837 and 1395.
279
What is the highest common factor of 72 and 227394?
18
Calculate the highest common divisor of 58 and 66642.
58
Calculate the greatest common divisor of 186 and 480.
6
What is the highest common divisor of 15590 and 160?
10
Calculate the highest common divisor of 27719 and 1325.
53
Calculate the highest common divisor of 1388994 and 7602.
1086
What is the highest common divisor of 2034 and 17496?
18
What is the greatest common factor of 76 and 240084?
76
What is the highest common factor of 10222 and 33?
1
Calculate the greatest common divisor of 6134320 and 240.
80
What is the highest common divisor of 18423 and 29532?
69
Calculate the highest common divisor of 1890 and 413.
7
Calculate the highest common factor of 3456 and 75744.
288
Calculate the greatest common divisor of 58 and 3242432.
58
What is the highest common divisor of 8 and 27876?
4
Calculate the greatest common divisor of 580 and 182780.
20
Calculate the greatest common divisor of 4023 and 14453.
149
What is the greatest common divisor of 3081 and 121344?
237
What is the highest common divisor of 5 and 2867285?
5
What is the greatest common divisor of 9136857 and 1041?
1041
Calculate the highest common divisor of 248880 and 305.
305
Calculate the greatest common divisor of 998176 and 96.
32
Calculate the highest common factor of 1116 and 59532.
12
Calculate the greatest common factor of 1315643 and 1624.
203
What is the greatest common factor of 22325 and 130625?
475
What is the greatest common divisor of 74 and 1116142?
74
Calculate the greatest common factor of 1064 and 11400.
152
Calculate the greatest common divisor of 771700 and 25.
25
Calculate the greatest common factor of 104 and 154986.
26
Calculate the greatest common factor of 4743 and 13113.
279
Calculate the highest common divisor of 382 and 3654594.
382
Calculate the highest common divisor of 832532 and 290.
58
What is the highest common divisor of 1720 and 906870?
430
What is the greatest common factor of 36898 and 1406?
38
What is the highest common factor of 1078 and 7414?
22
What is the greatest common factor of 431070 and 40?
10
Calculate the highest common factor of 332 and 78.
2
What is the greatest common factor of 55904 and 80?
16
Calculate the greatest common divisor of 17723 and 1258.
37
Calculate the greatest common divisor of 1374877 and 4543.
413
Calculate the highest common divisor of 161966 and 138.
46
Calculate the highest common divisor of 307905 and 390.
195
What is the highest common divisor of 1206 and 18894?
402
Calculate the highest common divisor of 4770033 and 387.
129
What is the highest common divisor of 29 and 11617603?
29
Calculate the highest common factor of 9 and 15909.
3
What is the highest common factor of 1124 and 760667?
281
What is the highest common factor of 32 and 619824?
16
Calculate the highest common divisor of 2952690 and 10050.
2010
What is the greatest common factor of 650854 and 138?
46
What is the greatest common factor of 12512 and 236555?
391
Calculate the greatest common divisor of 798 and 1903629.
399
What is the greatest common factor of 445 and 2005?
5
Calculate the highest common factor of 1424 and 3824.
16
What is the greatest common divisor of 387 and 4743?
9
What is the greatest common factor of 2411157 and 399?
399
What is the highest common divisor of 36 and 447420?
12
Calculate the greatest common divisor of 7 and 4403518.
7
Calculate the greatest common factor of 3915 and 20619.
261
What is the greatest common divisor of 17004 and 1248?
156
Calculate the highest common factor of 78 and 306450.
6
What is the highest common factor of 28278 and 90?
18
Calculate the greatest common divisor of 7028 and 28.
28
Calculate the greatest common divisor of 140828 and 874.
38
What is the greatest common divisor of 272 and 784?
16
What is the highest common divisor of 375 and 710025?
75
What is the greatest common divisor of 60123 and 196?
49
Calculate the greatest common factor of 61531 and 377501.
1663
What is the greatest common divisor of 512775 and 2365?
215
What is the greatest common factor of 11264 and 211712?
256
Calculate the greatest common factor of 519 and 33.
3
What is the highest common divisor of 7828 and 8588?
76
Calculate the highest common factor of 240 and 1780000.
80
Calculate the greatest common factor of 5234640 and 102.
102
Calculate the highest common factor of 10 and 773.
1
What is the highest common factor of 11 and 150304?
11
What is the greatest commo